*h + j. What is the greatest common factor of h and 23?
23
Let t = 47 + -47. Suppose 9*j + 12 - 66 = t. Calculate the highest common factor of 4 and j.
2
Suppose 4 = 2*f, -2*j + 2*f - 25 = -91. Suppose -j = 14*o - 19*o. What is the greatest common factor of o and 1?
1
Suppose 34 = 4*a - 4*z - 94, -152 = -5*a + z. Let s be (-120)/(-2)*5/2. What is the greatest common divisor of s and a?
30
Let g(c) = -c**3 + 4*c**2 + 7*c - 1. Let k be g(5). Let l(h) = -11*h - 10. Let n be l(-2). Calculate the greatest common divisor of n and k.
3
Suppose -5 = -5*l + 5*y, 0 = l + y - 3*y. Let w = 12 - l. What is the greatest common factor of 50 and w?
10
Let s be 26/2 + -17 + 19. What is the highest common divisor of 9 and s?
3
Let u be (157 + -158)/(2/(-4)). Calculate the highest common divisor of u and 71.
1
Let g(d) = d**2 + 12*d - 28. Let q be g(-15). Suppose 7 = 6*v - q. What is the greatest common factor of 32 and v?
4
Suppose 35*p - 36725 = 10*p. What is the highest common divisor of p and 13?
13
Let z = 62 - 35. Let t(u) = 7*u**2 + u - 1. Let i be t(1). Suppose 5*a - 12 - 11 = -2*q, -i = -a - q. What is the highest common factor of a and z?
3
Let b = 1 - -24. Let i = 12 - b. Let w be -2 + 1 + i/(-1). What is the greatest common factor of 12 and w?
12
Let j = -1181 + 1188. What is the highest common divisor of j and 56?
7
Let f = 37 + -30. Let l = f - -2. Suppose -5*k = -4*k - l. What is the highest common divisor of 63 and k?
9
Let q(d) = 10*d**2 - 4*d - 3. Let c be q(-3). Let i be 2196/c + (-4)/22. What is the greatest common divisor of i and 44?
22
Let u = 36 - 12. Suppose 51 + u = 3*o. Calculate the highest common factor of o and 175.
25
Let p be (-6)/21 - 6/(-21). Let i(h) = -h + 160. Let f be i(p). Let v be 0 + 19 + 9 + -8. What is the highest common factor of f and v?
20
Let t be ((-4)/14*17 - -4)*-21. Suppose 4*w - 22 = 26. What is the greatest common divisor of w and t?
6
Let v = 568 - 388. Suppose 225 = 5*g - a - 3*a, 4*g + a - v = 0. Calculate the greatest common divisor of g and 30.
15
Let c be 61/(1 + 0)*1. Let z = c + -39. Calculate the greatest common factor of z and 22.
22
Suppose 4*g - g = 252. Suppose 2*t - 116 = 5*o + 8, -3*o = t - g. Suppose -3*k - 8 = -35. What is the highest common factor of t and k?
9
Suppose -2*a + 92 = 2*t, -t + 1 - 3 = 0. Let m be a/(-120) + 42/5. Calculate the greatest common factor of m and 4.
4
Let t(a) = -a + 450. Let u be t(-9). Calculate the greatest common divisor of 54 and u.
27
Let k = 103 + -101. Suppose -4 = s, a - k*s - 7 - 5 = 0. What is the greatest common divisor of 8 and a?
4
Suppose 24*x - 3796 - 68 = 0. Calculate the greatest common factor of x and 184.
23
Suppose -n + 70 - 10 = 0. Suppose 870 = 5*r + n. Suppose -r = -q - q. What is the highest common divisor of 9 and q?
9
Let l = 217 + -119. Calculate the greatest common factor of l and 28.
14
Let i(c) = -3*c - 7. Let p be i(-3). Suppose 2*d = -2*d + 4*u + 80, -38 = -p*d + 4*u. What is the highest common factor of 42 and d?
21
Let o(a) = -5*a**3 - 2*a**2 - 7*a - 9. Let j be o(-2). Calculate the greatest common divisor of j and 111.
37
Let y(l) = -4*l - 9. Let g be y(4). Let h = g - -35. Let s be 10*5*4/5. Calculate the highest common factor of h and s.
10
Let n be 484 + 14/1*(-60)/(-210). What is the highest common factor of 8 and n?
8
Let a(x) = -11*x - 1. Let n be a(-1). Let q(y) = -y**2 + 3*y + 4. Let m be q(4). Let c be (m - -10)*(1 + 1). Calculate the highest common divisor of c and n.
10
Suppose 0 = 36*a - 115 - 137. What is the greatest common divisor of a and 56?
7
Suppose 0 = -15*i + 12*i + 180. Calculate the greatest common divisor of i and 100.
20
Suppose -273 + 33 = -3*i. Suppose -3*c + 61 - 31 = 0. What is the greatest common factor of i and c?
10
Let q(b) = -3*b**3 - b**2 + 2*b - 1. Suppose 19*j = 16*j - 6. Let c be q(j). Let z be 2336/26 + 8/52. Calculate the greatest common divisor of z and c.
15
Suppose -4*b + 3*b = 109. Let y be 3 + ((-2912)/4)/4. Let r = b - y. Calculate the highest common divisor of r and 14.
14
Suppose -247*g = -253*g + 264. Calculate the highest common factor of 418 and g.
22
Let q(s) = -3*s + 4. Let t be q(-4). Suppose -r + 3*k = -5*r + 5, -2*r + k = -5. Suppose -1 + 5 = r*f. Calculate the highest common factor of t and f.
2
Let k be 9 + 49 + (-3)/1. Let g = 59 - 15. What is the highest common factor of g and k?
11
Let l(n) = 35*n**2 - 2*n - 1. Let b be l(-1). Let q(s) = -8*s**2 - 115*s - 30. Let g be q(-14). What is the greatest common factor of b and g?
12
Let v be 8/44 + 5730/66. Calculate the highest common factor of 145 and v.
29
Suppose -2*y + 7 = -5*w - 2, -4*y = -5*w - 13. Let c = w - -6. Calculate the greatest common divisor of c and 5.
5
Suppose -3*g - 5*a - 460 = -7*g, -3*g = 5*a - 310. Let u = 190 + g. What is the highest common factor of u and 12?
12
Let m(c) = 3*c**2 + 30*c + 38. Let v(x) = -4*x**2 - 31*x - 38. Let f(w) = -6*m(w) - 5*v(w). Let u be f(19). What is the greatest common factor of 19 and u?
19
Suppose -3*n = 73 - 115. What is the highest common divisor of 63 and n?
7
Suppose 0 = -4*q + q. Suppose q = -d + 4*d - 9. What is the greatest common factor of d and 51?
3
Let w = -77 - -73. Let f be w/22 + (-90)/(-11). What is the greatest common factor of f and 64?
8
Suppose l = -l - n + 491, 5*n = -2*l + 511. Let v(z) = -55*z + 2887. Let a be v(52). What is the greatest common divisor of l and a?
27
Let t(g) = 12*g - 185. Let m be t(20). Calculate the highest common factor of m and 99.
11
Let l be -96*(39/(-9) + 3). Let c = 349 - l. Suppose -4*p + 288 = -4*b, 2*p + 2*b + c = 5*p. What is the highest common factor of p and 7?
7
Suppose 16*f = 259 + 765. Calculate the highest common factor of 80 and f.
16
Let q be (672/128)/((-1)/(-68)). Calculate the greatest common factor of 255 and q.
51
Let s = -44991 + 45176. Suppose -i - 10 + 84 = 0. Calculate the greatest common divisor of s and i.
37
Let i(u) = -5*u - 4. Let m be i(-9). Suppose -64 = -3*t + m. Let j = t + -20. Calculate the greatest common factor of j and 105.
15
Let h be (-8 - (-255)/5) + 5. Calculate the greatest common factor of h and 912.
48
Suppose -5*n = -2*m + 70, 2*m - n = 48 + 6. Let i be m - -16 - -1*1. What is the greatest common divisor of i and 105?
21
Suppose 5*w + s - 578 = 0, -3*w - w = 5*s - 454. Let z = 124 - w. Calculate the highest common divisor of 24 and z.
8
Suppose m = 4*o - 29, -3*o - m + 25 = 2*o. Suppose 24 = 22*a - 18*a. Calculate the greatest common divisor of o and a.
6
Let b be (1380/322)/(6/112). What is the highest common factor of b and 944?
16
Let k be 112/(-280)*10/(-4)*19. Calculate the highest common factor of 171 and k.
19
Let x(j) = -j**3 - 9*j**2 - j - 10. Let n be x(-9). Let y = n + 4. Let h = 76 - 67. What is the greatest common divisor of h and y?
3
Let h(k) = 37*k + 12. Let q be h(12). Suppose q = 5*x - x. Let p = 83 + -45. What is the highest common factor of p and x?
38
Let i = 162 + -142. Calculate the highest common factor of i and 36.
4
Suppose -8*w + 12*w + 41 = i, 0 = 5*i + w - 100. Calculate the highest common factor of 609 and i.
21
Let s(h) = h + 3. Let n be s(-5). Let r = 3 - n. Suppose 4*l - 28 = -0*t - r*t, -l = -2*t - 7. What is the highest common factor of 21 and l?
7
Let s(g) = g**3 + g**2. Let n be s(-1). Suppose -r = 5*p + 6, n*p + 4*p + 3*r = -7. Let k be p/3 + 211/3. Calculate the greatest common factor of k and 10.
10
Let x(l) = -l**3 - 13*l**2 - 16*l + 2. Let t = -18 - -20. Let c(q) = -q**3 - 2*q. Let g be c(t). Let j be x(g). What is the highest common divisor of 125 and j?
25
Suppose 5 - 18 = -2*g - j, -3*g + 4*j + 36 = 0. Calculate the highest common divisor of g and 56.
8
Suppose -4*s - 70 = -9*s. Suppose -3*c + 5*c = s. Calculate the highest common divisor of c and 28.
7
Let r be 85/(-100)*-4 - (-33)/55. What is the highest common factor of r and 212?
4
Suppose 652*x + 3300 = 662*x. Calculate the highest common factor of x and 45.
15
Let w be (-6)/(-3)*(-5)/(-20)*-106. Let r be 4*((-7)/4 + 1). Let x = r - w. What is the greatest common factor of 10 and x?
10
Let o be (-10)/8*4 - -93. Calculate the highest common divisor of o and 616.
88
Suppose 23 = 4*p + 23. Let o be 64 + p/(0 + 4). What is the highest common factor of o and 16?
16
Suppose -r + 5 = -3*c 